38)/40 - -1). What is the greatest common factor of d and 12?
4
Suppose -4*w = 2*a - 4408, 0 = 30*a - 28*a - 3*w - 4464. What is the highest common factor of 925 and a?
185
Let p = 122 - -408. What is the highest common divisor of 1378 and p?
106
Let v be 15 + 27 - (-9)/((-63)/(-56)). What is the highest common divisor of 4725 and v?
25
Let f be 5/(-11*7/(-1694)). Suppose 11*j + 240 = 19*j. What is the greatest common factor of f and j?
10
Let u be (0 - (-45)/(-27))/((-2)/12). Calculate the greatest common divisor of u and 32.
2
Let s(m) = 8*m**2 + 91*m + 346. Let n be s(-4). What is the greatest common divisor of 15125 and n?
55
Let z = 579 - 574. Let b be (77/(-14) + z)*1*-2. What is the highest common factor of b and 11?
1
Let y be ((-156)/(-1))/2 - (14 + -12). Let m = -271 - -385. What is the greatest common factor of m and y?
38
Let m be 0*(-2 - -1)*(-3)/(-6). Suppose -11*t + 18*t - 1267 = m. Suppose 5*x - 59 = t. Calculate the greatest common factor of 32 and x.
16
Let z(g) = -379*g - 166. Let b be z(-6). Calculate the greatest common factor of b and 204.
68
Let l(u) = -16*u - 13. Suppose 43*a = 45*a + 16. Let c be l(a). Let z(v) = 6*v**2 - 2*v - 2. Let j be z(3). What is the greatest common factor of j and c?
23
Let a = -351 + 196. Let k be 12*(a/(-20) + -5). What is the highest common divisor of k and 198?
33
Let v be 1/3*1*(5 - 2). Suppose -7 - v = -4*b. Suppose -b*r + 210 = 6. What is the highest common factor of 68 and r?
34
Suppose 3*h = b - 4*b + 195, -5*b - h = -313. Let f = 439 - 408. What is the highest common divisor of f and b?
31
Suppose 2*p - 4 + 2 = 0, -f = 2*p - 29. Suppose -f = -x - 0*x. Suppose 3*v - 47 - x = -s, -5*v + 5*s + 150 = 0. Calculate the highest common factor of 52 and v.
26
Suppose 4 - 8 = -4*b. Let o(g) = 14*g. Let h be o(b). Suppose 548 = 19*l + 149. What is the greatest common factor of h and l?
7
Suppose 0*w = 10*w - 60. Let d be (-1)/2*(-3 + 1) + w. Calculate the greatest common divisor of 3 and d.
1
Let t be 2595/(-25)*(-5)/3. Suppose -5*v - l = -t, -4*v + 5*l - 2*l = -127. What is the greatest common factor of v and 10?
2
Suppose 20*p + 45*p - 18960 = 25*p. Calculate the highest common factor of 2054 and p.
158
Let z = -1093 - -1234. What is the highest common factor of 752 and z?
47
Let d(b) = 2*b**2 + 53*b + 33. Let m be d(-26). Let t = m - -63. Calculate the highest common divisor of t and 14.
14
Let p = -6424 - -6550. What is the highest common factor of p and 144?
18
Suppose 81*f - 94317 - 21450 = -261. What is the greatest common divisor of 184 and f?
46
Let o(n) be the second derivative of -n**5/20 - 7*n**4/12 + 4*n**3/3 + 5*n**2 - 3*n - 4. Let a be o(-8). Calculate the greatest common factor of a and 320.
10
Let r be 5/(-60)*6*-16. Calculate the highest common factor of r and 184.
8
Let b(v) = v**3 - 4*v**2 + 5*v + 2. Let p be b(4). Suppose -18*n = -4567 - 1769. Suppose -137*f + 133*f = -n. Calculate the highest common divisor of p and f.
22
Suppose -4*b - 412 = -4*g, g - 3628*b - 145 = -3630*b. Suppose c - 5*t - 11 = 0, -c - 3*t - 2 = -37. What is the highest common divisor of g and c?
13
Let w(x) = x**3 - 6*x**2 + x - 2. Let j be w(6). Suppose z - j*z + 117 = 0. Suppose -z = -p + 61. Calculate the highest common divisor of p and 40.
20
Suppose 24*x = 10826 - 3842. Calculate the highest common divisor of x and 679.
97
Let c be (0 - 20)*(-26)/65*12. Let p = c + -94. Suppose p*k + 48 = 60. What is the highest common factor of k and 42?
6
Suppose -s - 2*w + 4 = 0, -9*w + 5*w = 4*s - 12. Suppose 10*i = c + 6*i - 240, 4*c = -s*i + 924. What is the greatest common factor of c and 8?
8
Suppose r - 6*r = 45. Let k = r + 23. Suppose -4*i - 544 = -1092 + 540. What is the greatest common divisor of i and k?
2
Let g = 19727 - 19677. What is the greatest common factor of 20950 and g?
50
Let y(j) = -3*j**3 - 20*j**2 - 42*j + 19. Let r be y(-8). What is the highest common divisor of 559 and r?
13
Let d = -376 - -371. Let s(b) = 8*b**2 + 14*b + 3. Let v be s(d). What is the highest common divisor of 209 and v?
19
Let b(n) = -7*n**3 + 2*n**2 - 20*n - 47. Let d be b(-4). Calculate the greatest common factor of d and 912.
57
Let w(o) = 439*o - 504. Let k be w(2). What is the highest common factor of 4 and k?
2
Suppose -566*h + 1791 + 2737 = 0. Calculate the highest common factor of 4232 and h.
8
Let x be 28 + 3 + 0 - -1. Suppose m + 44 = -3*j, -j - 4*m = -8*m + x. Let s = -4 - j. What is the highest common divisor of 84 and s?
12
Let n be (-66)/(-55)*(-40)/(-3). Let u = 10 - 3. Suppose 135 = -u*x + n*x. What is the highest common divisor of x and 45?
15
Let z be (-75)/(-4)*4380/1825. Suppose 108 = 4*a + 3*p, -2*a - 2*p + 54 = -7*p. Calculate the highest common divisor of z and a.
9
Suppose 0 = -d - 19 + 16. Let l be 2/6 + (-149)/d. What is the greatest common divisor of 10 and l?
10
Suppose -2*z - 5*n + 9 = -3*z, -n = 3*z - 21. Suppose 0 = -f - y + 190, 1160 = 22*f - 16*f - 4*y. What is the highest common divisor of z and f?
6
Let c be (-12)/14 - 4788/(-441). Let b = -317 - -582. Let r = b + -185. What is the greatest common divisor of r and c?
10
Let s(g) = -8*g - 5. Let v be s(-1). Let i be (-2 + v*1/3)*-70. Suppose -2 = -r - 5, -5*c - 5*r = -i. What is the highest common divisor of 85 and c?
17
Let h(b) = 24*b + 3. Let m be h(13). Suppose o - 20 = -4*o. Suppose o*i + 5*l - 165 = 0, 4*i - 42 - 126 = -4*l. Calculate the greatest common factor of i and m.
45
Let h = 183 - 7. Let w(t) = 24*t**3 - 42*t + 40. Let u be w(1). What is the greatest common divisor of h and u?
22
Suppose 2*g = w - 40 - 60, 3*g + 15 = 0. Calculate the greatest common divisor of w and 300.
30
Suppose 0*j = 4*l + 5*j + 77, -3*j + 37 = -4*l. Let g be -3*(-4 + 140/12). Let u = l - g. What is the greatest common divisor of 25 and u?
5
Suppose -3*z = 2*u - 8 + 21, 2*u - 27 = 5*z. Let n be (z - -5)/(-5) + 56. Calculate the highest common factor of 154 and n.
14
Let h(o) = -31*o + 37. Let p be h(-3). Suppose 4*g - 22 - p = 0. Calculate the greatest common factor of g and 152.
38
Let r(v) = -4*v**2 - 14 + v**3 - 77*v - 84*v + 154*v. Let j be r(6). Calculate the highest common factor of j and 40.
8
Let s = 5068 + -4868. Calculate the greatest common factor of s and 625.
25
Suppose 2291 = 3*a - 5*x + x, 0 = -2*a + 2*x + 1528. Suppose -a = -2*m + 5*q, 5*m - 1161 = 2*m + 3*q. Calculate the greatest common divisor of 30 and m.
30
Let a(i) = 3*i - 1. Let u be a(1). Suppose -43*k + 61478 - 1708 = 0. Let s be u/(-7) - (k/(-14) - 1). Calculate the highest common divisor of 20 and s.
20
Let y(q) = -8*q - 8*q + 17 + q**3 + 22*q + 2*q**2 - 3 - 17*q. Let x be y(-4). Calculate the highest common divisor of 923 and x.
13
Suppose -5*q - g = -454, -q - q = g - 184. Suppose 0 = 2*p - 4. Suppose -a = p - 32. What is the greatest common divisor of a and q?
30
Let z = 47 + -178. Let i = 150 + z. Suppose -4*a + 5*a - 3*s = 140, -144 = -a + 2*s. What is the greatest common divisor of i and a?
19
Let p be 5820/27 - (721/(-63) + 11). Calculate the greatest common divisor of p and 56.
8
Let c(k) = 17*k - 92*k**2 - 13 - 17 + 90*k**2. Let j be c(4). Calculate the greatest common factor of 48 and j.
6
Let i be 73*56/21*3/4. Suppose m + 4*d = 258 + i, 2*d - 1930 = -5*m. Calculate the greatest common divisor of 24 and m.
24
Let z be ((-4)/(-14))/((-55)/(-770)) + 3*22. Calculate the highest common divisor of z and 1708.
14
Suppose -20*z + 131 + 29 = 0. Let k be 27 - -2 - (z + 1). What is the greatest common factor of 260 and k?
20
Suppose 0 = -40*u + 35*u - 340. Let g = 23 - u. What is the highest common factor of g and 21?
7
Let h = 451 + -229. Suppose 21*d - 15*d - h = 0. Calculate the greatest common divisor of d and 333.
37
Let z(b) = 27*b**2 - 303*b - 1470. Let s be z(-5). What is the greatest common factor of 2640 and s?
240
Suppose 4*v + 36 = 164. Let o be 3/(-2)*(204 - (-7 + 9)). Let t = 383 + o. Calculate the highest common divisor of t and v.
16
Let x be ((-34)/85)/(1/(-85)). Suppose -x*h - 648 = -40*h. Calculate the highest common divisor of h and 9.
9
Let y(f) = 17*f - 28. Let k be y(3). Let d(n) = 160*n**2 - n. Let t = -1 - 0. Let i be d(t). What is the greatest common divisor of k and i?
23
Suppose -25*f = 22*f - 5076. Calculate the greatest common divisor of